+ (24 - 18) + 0?
-3
(-16 - -12) + 2 + -1
-3
Evaluate 3 - (0 + 11 + -4).
-4
(56 - 41) + -1 + -6
8
Evaluate -6 - ((-10 - 7) + 12).
-1
What is the value of 4 + (-5 - 2) + 2 + 0?
-1
What is the value of -5 + (-13 - -6) + 11 + 5?
4
Calculate -1 + -1 + 3 - (4 - 0).
-3
What is 11 + (6 + -5 - (2 - -2))?
8
4 + -8 + 5 + -6 - 0
-5
What is (-3 - -4) + 3 + -3 + 3?
4
What is -6 + 1 - (-14 - (-1 + -2))?
6
What is 2 + 4 + -7 + (2 - -3)?
4
Calculate 1 + (-13 - (8 - 15) - -2).
-3
Calculate 1 + 2 + -5 - (0 - 4).
2
Evaluate 5 - ((3 - -17) + -14).
-1
What is -1 + (10 - 9) + -8?
-8
Evaluate -14 + 7 - ((5 - 2) + -5).
-5
What is 8 - (5 + 0 + -8 + 7)?
4
What is the value of -3 - (3 + (-1 - 1)) - -9?
5
-3 + (16 - 7) - (-1 + -4)
11
What is 8 - (3 - 2) - 3 - -4?
8
What is the value of 1 + (-1 - 4) + 0?
-4
What is 0 - (5 + (6 - 21))?
10
Evaluate 2 + 1 + 3 + -48 + 48.
6
What is 5 + -2 + (-9 - (-6 - -5))?
-5
What is the value of 5 - (-9 - -7 - 3) - 6?
4
What is 1 + -4 + (9 + -3 - 6)?
-3
Calculate 4 - -6 - 6 - 0.
4
What is -4 - (1 - 4) - 1?
-2
Evaluate (47 - 49) + (-1 - 1).
-4
What is -8 - (-1 + 4 - (2 - 0))?
-9
Calculate 0 + 1 - (-45 + 46).
0
1 - (13 - 5 - 5)
-2
What is the value of 0 + -6 + (-6 - -12)?
0
Calculate -15 + 8 - (2 + -5 + -1).
-3
Calculate -2 - (4 + 0 - 2).
-4
Calculate -5 + (8 - 4) - 2.
-3
What is the value of -5 + (5 - 9 - -9)?
0
What is the value of -1 - ((-6 - -3) + (-13 - -19))?
-4
Evaluate (3 - -1) + 9 + -8.
5
Evaluate 0 - (-7 - (-9 - 2)).
-4
-1 - -7 - (13 - 11) - -1
5
What is (-13 + 3 - -13) + (0 - 6)?
-3
What is the value of (-13 + 10 - 5) + 14?
6
Evaluate -3 + (5 + 7 - 9).
0
Calculate 65 - 69 - (-6 - -2).
0
Evaluate 62 + -61 - (-1 - (0 - -1)).
3
What is the value of 0 + -3 + 2 + -2 - -1?
-2
Calculate 26 + -22 - (0 + 3).
1
What is the value of 2 + (-15 - -4 - -4) + 1?
-4
Evaluate 5 + (-8 - -4) + 4.
5
Evaluate (-7 - 0) + 7 - (-4 - -2).
2
Calculate (8 - 4) + (-3 - -2).
3
What is (-15 + (-3 - -7) - -8) + 3?
0
-8 + 3 + -1 + 5
-1
-5 - (-1 - 3 - 0 - 1)
0
Calculate -2 + (0 - 0) + (5 - 4).
-1
Calculate (-5 - 1) + 5 + (-3 - 0).
-4
Calculate -3 - (13 + 1) - -8.
-9
Calculate -1 - 6 - -2 - -3 - 0.
-2
Calculate 0 + (-1 - 0 - (5 + -3)).
-3
What is the value of 0 - 3 - (-8 - -3)?
2
What is -4 + (12 + -3 - -1) + -3?
3
-4 + (-4 - -6) + 0
-2
Evaluate -6 - -8 - (-1 + 1) - 0.
2
Calculate -5 + -5 + 9 + 6.
5
-6 + -11 + 14 + 1 + 2
0
-11 - (-6 + (6 - 20))
9
What is the value of -3 - (-19 - (-5 + -4))?
7
Evaluate 2 + -7 + (1 - 0).
-4
Calculate 3 - ((4 - 3) + 1).
1
Calculate (-2 + 2 - -4) + 9 + -6.
7
Evaluate 7 + 7 + (1 - 9).
6
Evaluate -3 + 8 - (-8 - -9).
4
1 - (-1 + -2 + -1 - -3)
2
What is 5 - ((15 - 20) + 7 + 2)?
1
Evaluate -1 + 1 + -27 + 31.
4
-1 + (10 - (-4 - -8))
5
5 - ((3 - 1) + 4 - 7)
6
(1 - 4) + (-3 + 2 - -1)
-3
-4 - (-8 + -3) - 4
3
What is the value of 1 + -3 + 4 + 0 - 6?
-4
What is -1 + -4 + 0 + 7?
2
What is the value of (6 - 8) + 1 - (-1 + 0)?
0
Evaluate 12 - (1 + (3 - -3)).
5
What is the value of -5 + 3 + (3 - (4 - 4))?
1
What is the value of (0 - -9 - 9) + -5 + 0?
-5
-2 + (2 - (-7 + 9))
-2
Calculate (-2 + 9 - 4) + -4.
-1
What is the value of (-3 + 2 - (-1 - -1)) + -3?
-4
What is the value of 3 - (7 + 0 - (2 - -1))?
-1
What is (6 - 13 - -6) + (-4 - -2)?
-3
What is the value of -9 - (-11 - -1 - -6)?
-5
-1 + (1 - -1) + -12 + 10
-1
Evaluate 8 + 1 - (15 - 9).
3
5 - 9 - (-2 - -3)
-5
What is the value of -2 - ((1 + 0 - -1) + -1)?
-3
Calculate -2 + 7 + (5 - 9 - 1).
0
What is the value of (-2 - -4) + 5 + -6 - -2?
3
What is -4 - ((5 - 4) + -3)?
-2
Evaluate -3 + (-4 - -7) + 6.
6
What is -2 + -5 + -1 + 7 + -6?
-7
Evaluate (5 - 1) + -1 + -2.
1
Evaluate 1 - 3 - -1 - 4.
-5
What is the value of -4 + 19 - (6 - (0 + 0))?
9
Calculate -3 + (6 - (7 - (4 - 6))).
-6
Calculate -4 + -1 - (0 - 4).
-1
Evaluate -4 - (-1 - (0 - 0)) - -5.
2
Evaluate -3 + 3 + 2 + 1.
3
What is the value of -1 - -1 - ((2 - -2) + 1)?
-5
Evaluate 1 - -1 - (40 + -20 + -17).
-1
Calculate (4 - (3 + -3 + 6)) + -1.
-3
Evaluate (-1 - (-1 + -1)) + (-36 - -39).
4
Calculate (3 - -3) + -4 + 1.
3
Calculate 4 + 7 + 0 + -4 + -3.
4
Calculate (-1 - (4 - (-1 + 1))) + 1.
-4
1 + 1 - (-3 - (-3 + 1))
3
Evaluate -8 - (-2 + 4 + -6).
-4
Evaluate 10 + -2 - ((-1 - -5) + -1).
5
2 + 3 + 0 + -3
2
Evaluate 2 + (-5 + 0 - 2).
-5
What is the value of (-1 - -2) + -3 + 5?
3
What is the value of 2 + (-3 - (-6 + 5))?
0
Evaluate -2 - -3 - (-4 + 7 - 3).
1
Calculate 4 + (2 - -2) + -9.
-1
What is (5 + -7 - -1 - -3) + -3?
-1
What is -1 + (8 - 4) - 8?
-5
(4 - (12 - 7)) + -4
-5
What is (2 - 2) + -14 + 19?
5
Evaluate 3 - 4 - -4 - 1.
2
Evaluate -8 + 4 - (3 + -4).
-3
What is the value of (4 - (0 - -2)) + (-2 - -3)?
3
Calculate -3 + 3 + -2 + -1.
-3
What is the value of -2 + 11 + 34 + -44?
-1
Evaluate 2 + 11 + -11 + 4 - 7.
-1
What is the value of -3 - 5 - -4 - (-2 - -1)?
-3
-1 - -2 - -2 - (11 - 8)
0
Calculate -1 + (-7 - (2 - 9)).
-1
What is the value of 1 - (-2 - -1) - (-10 + 10)?
2
What is 1 + -1 + -6 - (-28 + 16)?
6
What is (11 - (4 + 0)) + (-8 - 9)?
-10
What is the value of (-12 + 9 - (0 - -1)) + 9?
5
Evaluate -2 - (-2 + 2 + 5) - -4.
-3
Calculate -74 - -71 - (-1 + 0).
-2
Calculate 0 + -2 - 1 - (1 + 0).
-4
Calculate 5 + -1 + (32 - 38).
-2
34 + -42 + (-1 - -3)
-6
What is the value of -6 + 7 - (1 - -2)?
-2
What is the value of -6 + 6 + 3 + -4?
-1
-7 - (-25 - -17) - (6 + -1)
-4
Evaluate (2 - (-6 - -5)) + -3.
0
Evaluate 5 - 0 - (-17 - -27).
-5
(-5 - -3) + 1 + 1
0
What is the value of -1 + 1 - (-6 + 7)?
-1
4 + (0 + -12 - -9)
1
Evaluate (6 + 1 - 1) + (4 - 4).
6
What is -3 - (-2 - (-7 - (1 - 6)))?
-3
What is (-3 - 2) + -1 - (-1 + -2)?
-3
What is the value of -12 - (0 - (14 + -2))?
0
-4 + 1 - 1 - (-5 - 4)
5
What is 0 + -5 + -2 + (5 - 0)?
-2
Evaluate (6 - 0) + (-6 + 10 - 6).
4
What is -2 + (2 - -7 - 8)?
-1
Calculate 2 + -2 + -2 + -1 + 4.
1
What is the value of (0 + 1 - 4 - -2) + -4?
-5
Evaluate 11 + -18 + 12 - 12.
-7
Evaluate 6 + (4 - 1) + -8.
1
What is -2 - (8 - 10) - -1?
1
What is the value of 19 - (7 - 0) - 7?
5
What is the value of (0 - -2) + 4 + -2?
4
2 - ((-3 - -2) + 7) - 1
-5
Evaluate -3 + -1 + 5 + 6 + -7.
0
Evaluate -2 - -4 - (3 - (6 - 4)).
1
Calculate 2 + (12 - 15 - (1 + -1)).
-1
Calculate 12 + (-9 - -7) - 4.
6
What is 2 - 1 - (6 - (-2 - -1))?
-6
Evaluate 10 + (9 - (-6 - -29)).
-4
What is the value of 8 + 0 - (-1 + 5)?
4
What is (-19 - -17 - (9 + -2)) + 3?
-6
-2 + -3 + (5 - 1)
-1
What is 3 - 2 - 0 - 1?
0
Evaluate 2 + -1 + 11 + -17 - -3.
-2
What is 2 - (9 - (8 + 4))?
5
What is the value of (0 + 1 - 1) + -4?
-4
What is 4 + -3 - 6 - (-2 + 0)?
-3
0 + -4 + -2 + 0 + 13
7
Calculate -1 + 10 + -4 + -9.
-4
What is -24 - -28 - (-2 - -1)?
5
Evaluate -7 + -6 + 10 - (1 + -1).
-3
What is the value of 1 - -5 - 4 - 3?
-1
Calculate (1 - -1 - 4) + 6.
4
What is the value of 8 - (-3 - (-2 + (2 - 2)))?
9
What is the value of -9 + (-4 - -8) - -6?
1
Evaluate 1 + -6 - (-2 + -2).
-1
What is the value of 4 + 0 + 4 + -7?
1
What is the value of (-1 - ((-7 - -7) + -1)) + 7?
7
What is the value of 8 - (-3 - (-6 - 1))?
4
Calculate 0 + -4 - (-52 + 41).
7
Calculate (-6 - 2) + -2 + 7.
-3
What is 4 + (-3 - (4 - (0 + 2)))?
-1
Calculate 1 + (3 - -1) + -4.
1
What is (4 - 1) + (5 - 11)?
-3
4 + (0 - 1) + (-12 - -13)
4
(-1 - 1) + 4 - (3 + 3)
-4
Calculate -7 - -3 - (-4 + 5).
-5
What is the value of -13 - (-17 - -9) - -6?
1
What is the value of 7 - (4 + -1) - 5 - 2?
-3
Calculate 1 - ((7 - -1) + 57 + -59).
-5
Evaluate -14 + 17 + (9 - 6).
6
Evaluate -33 + 35 + 2 + -3.
1
Calculate 3 - (0 + (1 - (5 + -5))).
2
0 + 0 + 4 - 2
2
-2 + 1 + 0 + 4 + -6
-3
What is (8 + 7 - 8) + (-1 - -1)?
7
Evaluate 2 + 2 - (1 - (-5 - -3)).
1
What is (-7 - -10) + -5 + 0?
-2
What is the value of -42 + 32 + 11 + -1?
0
What is the value of 2 + 0 - (-1 + 1)?
2
What is 0 + 5 + -5 + 3 + 4?
7
-10 - 1 - (-48 + 29)
8
Evaluate (3 - 6) + (-19 - -16) + 17.
11
What is the value of 4 - -1 - -2 - 5?
2
(52 - 47) + -4 + 3 + -1
3
Calculate (1 - (1 - -2)) + (-3 - -2).
-3
8 + (-12 - (-12 + 14))
-6
What is (-1 + 1 - -1) + -3 - 1?
-3
132 + -133 + (-3 + -1 - 1)
-6
What is the value of -4 + (-6 - -4) + 8 + -1?
1
Calculate (3 + -6 - (-5 - -3)) + 6.
5
What is 3 - 2 - (-7 + 6)?
2
What is 8 + -5 - (1 + (1 - 2))?
3
What is 0 + -1 + -3 + -3 + 2?
-5
Evaluate (0 + 11 - -2) + -11.
2
What is the value of 10 + -7 + (-3 - -4)?
4
Evaluate 1 + 0 - (-4 - (12 - 10)).
